is 0 (base 10) in base 9?
0
Convert 91 (base 11) to base 7.
202
Convert -22 (base 5) to base 13.
-c
-3 (base 5) to base 12
-3
-100 (base 2) to base 9
-4
-24 (base 7) to base 12
-16
-e2 (base 15) to base 9
-255
-100 (base 2) to base 16
-4
What is -10 (base 8) in base 10?
-8
-312 (base 4) to base 16
-36
Convert 5 (base 6) to base 14.
5
10 (base 6) to base 9
6
What is -1 (base 10) in base 5?
-1
Convert 14 (base 6) to base 11.
a
-58 (base 9) to base 4
-311
Convert -10000 (base 2) to base 9.
-17
2 (base 10) to base 11
2
Convert -1110011 (base 2) to base 11.
-a5
-23 (base 5) to base 11
-12
Convert 4 (base 16) to base 7.
4
8 (base 11) to base 15
8
What is 37 (base 12) in base 13?
34
7 (base 10) to base 12
7
What is 1 (base 8) in base 7?
1
What is -104 (base 5) in base 15?
-1e
What is -2d (base 16) in base 8?
-55
What is 11 (base 3) in base 15?
4
What is -11 (base 2) in base 4?
-3
10 (base 4) to base 14
4
Convert -12 (base 5) to base 8.
-7
Convert 2 (base 12) to base 7.
2
Convert -212 (base 3) to base 9.
-25
What is -4 (base 6) in base 5?
-4
Convert 74 (base 10) to base 16.
4a
Convert 7 (base 8) to base 9.
7
What is 22 (base 3) in base 14?
8
8 (base 13) to base 12
8
Convert -36 (base 13) to base 14.
-33
Convert 0 (base 7) to base 8.
0
What is 1112 (base 3) in base 4?
221
Convert 41 (base 15) to base 7.
115
What is 29 (base 11) in base 8?
37
What is -2 (base 7) in base 2?
-10
Convert -3 (base 10) to base 4.
-3
What is -2 (base 13) in base 10?
-2
What is -12 (base 12) in base 14?
-10
What is -76 (base 12) in base 6?
-230
What is -a (base 16) in base 3?
-101
-1 (base 7) to base 13
-1
85 (base 14) to base 13
90
What is -234 (base 5) in base 9?
-76
-7a (base 16) to base 9
-145
Convert 88 (base 16) to base 14.
9a
Convert -10 (base 16) to base 2.
-10000
-8 (base 14) to base 8
-10
What is 3322 (base 4) in base 13?
163
Convert -1 (base 11) to base 16.
-1
Convert 111 (base 2) to base 12.
7
Convert 18 (base 12) to base 11.
19
What is -6 (base 10) in base 14?
-6
312 (base 4) to base 16
36
Convert -19 (base 15) to base 4.
-120
-101 (base 4) to base 12
-15
Convert -13 (base 7) to base 10.
-10
1 (base 13) to base 6
1
Convert -1 (base 5) to base 4.
-1
What is -120 (base 3) in base 15?
-10
What is 331 (base 7) in base 13?
100
Convert 43 (base 6) to base 14.
1d
What is 132 (base 7) in base 4?
1020
11011 (base 2) to base 14
1d
What is -7 (base 15) in base 12?
-7
What is 0 (base 13) in base 10?
0
What is 22 (base 3) in base 6?
12
Convert -5 (base 15) to base 5.
-10
164 (base 11) to base 12
13b
What is -1 (base 11) in base 8?
-1
201 (base 6) to base 2
1001001
What is b (base 13) in base 16?
b
What is -1 (base 8) in base 9?
-1
Convert -5 (base 8) to base 3.
-12
What is -1 (base 13) in base 10?
-1
Convert -70 (base 9) to base 12.
-53
Convert -26 (base 10) to base 6.
-42
0 (base 9) to base 10
0
Convert 11 (base 3) to base 15.
4
What is 20 (base 4) in base 9?
8
-91 (base 11) to base 13
-79
What is 1 (base 8) in base 5?
1
Convert -1 (base 5) to base 8.
-1
-93 (base 14) to base 9
-153
-a (base 13) to base 3
-101
9 (base 10) to base 4
21
What is 222 (base 3) in base 10?
26
Convert 53 (base 13) to base 9.
75
Convert -23 (base 6) to base 4.
-33
What is -1 (base 5) in base 3?
-1
What is 1121 (base 3) in base 16?
2b
What is 124 (base 7) in base 16?
43
Convert 30 (base 4) to base 6.
20
-22 (base 12) to base 13
-20
Convert 3 (base 5) to base 2.
11
Convert 16 (base 7) to base 12.
11
Convert 6 (base 15) to base 2.
110
-a (base 15) to base 9
-11
-25 (base 13) to base 8
-37
Convert 64 (base 12) to base 5.
301
-32 (base 8) to base 11
-24
What is 3 (base 13) in base 4?
3
-44 (base 10) to base 4
-230
What is 101 (base 2) in base 4?
11
What is 22 (base 3) in base 16?
8
Convert -a1 (base 12) to base 9.
-144
What is 1 (base 4) in base 11?
1
4 (base 14) to base 15
4
-3 (base 16) to base 10
-3
2 (base 14) to base 12
2
10012 (base 3) to base 11
79
What is -3 (base 7) in base 9?
-3
What is a6 (base 11) in base 10?
116
Convert -2003 (base 5) to base 14.
-141
What is -2 (base 6) in base 5?
-2
What is 303 (base 4) in base 14?
39
What is -11000 (base 2) in base 14?
-1a
3 (base 10) to base 16
3
What is 3323 (base 4) in base 6?
1055
What is -e9 (base 16) in base 13?
-14c
What is 116 (base 7) in base 6?
142
1a (base 12) to base 4
112
-4 (base 13) to base 6
-4
4 (base 8) to base 11
4
What is 22 (base 5) in base 7?
15
What is 1331 (base 5) in base 3?
22000
What is a0 (base 12) in base 13?
93
Convert -25 (base 10) to base 5.
-100
Convert 29 (base 13) to base 10.
35
Convert -3b (base 16) to base 9.
-65
-11111000 (base 2) to base 16
-f8
Convert -4 (base 7) to base 10.
-4
What is -4 (base 10) in base 8?
-4
7 (base 9) to base 5
12
Convert 3 (base 16) to base 6.
3
Convert -111 (base 2) to base 4.
-13
Convert 21 (base 5) to base 12.
b
1 (base 10) to base 3
1
-1 (base 6) to base 5
-1
Convert 2022 (base 4) to base 9.
163
130 (base 5) to base 3
1111
-7 (base 11) to base 4
-13
Convert -2 (base 15) to base 6.
-2
What is -2 (base 4) in base 3?
-2
-23 (base 15) to base 16
-21
-320 (base 5) to base 2
-1010101
What is -6 (base 11) in base 3?
-20
What is 80 (base 10) in base 6?
212
6 (base 11) to base 6
10
-6 (base 16) to base 10
-6
-6 (base 16) to base 8
-6
What is -10 (base 3) in base 4?
-3
Convert -7 (base 14) to base 2.
-111
Convert -4 (base 10) to base 6.
-4
-42 (base 9) to base 7
-53
-22 (base 5) to base 9
-13
Convert 2122 (base 3) to base 13.
56
111111 (base 2) to base 3
2100
Convert -74 (base 10) to base 9.
-82
What is -442 (base 5) in base 3?
-11112
Convert 1 (base 15) to base 6.
1
Convert 33 (base 7) to base 12.
20
-c (base 16) to base 15
-c
Convert 7 (base 10) to base 14.
7
Convert -4 (base 13) to base 7.
-4
Convert -158 (base 15) to base 8.
-464
Convert 6 (base 10) to base 4.
12
0 (base 13) to base 12
0
What is -1111 (base 5) in base 8?
-234
What is 10 (base 9) in base 5?
14
-164 (base 9) to base 6
-351
-20 (base 14) to base 15
-1d
Convert 3c (base 14) to base 9.
60
What is -2 (base 15) in base 6?
-2
-14 (base 16) to base 4
-110
6 (base 9) to base 12
6
1111 (base 2) to base 4
33
Convert 13 (base 6) to base 5.
14
What is -1 (base 6) in base 10?
-1
What is -28 (base 13) in base 9?
-37
31 (base 8) to base 5
100
Convert 31 (base 11) to base 16.
22
-55 (base 15) to base 6
-212
3 (base 11) to base 14
3
100 (base 6) to base 9
40
What is -5 (base 16) in base 2?
-101
-10 (base 2) to base 6
-2
Convert 48 (base 12) to base 7.
110
2 (base 6) to base 7
2
What is -8 (base 12) in base 2?
-1000
Convert 81 (base 9) to base 15.
4d
-13 (base 6) to base 8
-11
-2 (base 3) to base 11
-2
Convert 2 (base 15) to base 14.
2
Convert 12 (base 7) to base 12.
9
What is -3 (base 5) in base 4?
-3
10 (base 2) to base 5
2
-14 (base 5) to base 4
-21
Convert 1 (base 4) to base 5.
1
What is 111 (base 2) in base 10?
7
7 (base 11) to base 13
7
What is -111 (base 2) in base 5?
-12
122 (base 6) to base 16
32
What is 7 (base 12) in base 8?
7
What is -100100100 (base 2) in base 16?
-124
Convert 1 (base 10) to base 7.
1
-4 (base 8) to base 3
-11
Convert -100 (base 3) to base 14.
-9
27 (base 8) to base 12
1b
What is -7 (base 10) in base 15?
-7
Convert -12 (base 3) to base 4.
-11
Convert 1 (base 4) to base 3.
1
What is 8c (base 15) in base 6?
340
Convert -3 (base 9) to base 6.
-3
Convert -11002 (base 3) to base 5.
-420
-13d (base 15) to base 11
-238
Convert -18 (base 10) to base 2.
-10010
What is -231 (base 6) in base 9?
-111
Convert 3 (base 16) to base 10.
3
What is 4 (base 5) in base 6?
4
-141 (base 6) to base 15
-41
What is 13 (base 5) in base 12?
8
10 (base 4) to base 11
4
1 (base 10) to base 13
1
6 (base 9) to base 12
6
Convert -5b (base 16) to base 5.
-331
-48 (base 9) to base 8
-54
What is -222 (base 4) in base 7?
-60
What is -1 (base 15) in base 14?
-1
Convert -4 (base 13) to base 6.
-4
Convert -6 (base 14) to base 6.
-10
-1 (base 14) to base 12
-1
What is 41 (base 9) in base 13?
2b
What is 10000 (base 2) in base 10?
16
What is -13 (base 4) in base 10?
-7
5 (base 14) to base 8
5
Convert 14 (base 13) to base 15.
12
Convert -3 (base 16) to base 10.
-3
-66 (base 10) to base 6
-150
Convert 30 (base 6) to base 11.
17
Convert 128 (base 9) to base 10.
107
What is 2 (base 13) in base 12?
2
Convert -1 (base 8) to base 12.
-1
Convert 3 (base 12) to base 